vert -133 (base 5) to base 6.
-111
What is 25 (base 9) in base 11?
21
2 (base 3) to base 9
2
What is -13 (base 4) in base 15?
-7
-3 (base 8) to base 12
-3
-3 (base 16) to base 8
-3
1 (base 8) to base 16
1
15 (base 10) to base 16
f
Convert -7 (base 13) to base 3.
-21
What is -136 (base 7) in base 12?
-64
Convert 53 (base 7) to base 12.
32
Convert 32 (base 4) to base 7.
20
Convert -22110 (base 3) to base 12.
-170
What is -1031 (base 5) in base 8?
-215
Convert -5 (base 14) to base 5.
-10
Convert 31 (base 7) to base 12.
1a
Convert 6 (base 14) to base 5.
11
Convert -2 (base 14) to base 9.
-2
1 (base 15) to base 8
1
What is 63 (base 10) in base 14?
47
Convert -6 (base 12) to base 4.
-12
Convert 123 (base 4) to base 7.
36
What is 0 (base 2) in base 5?
0
What is 42 (base 5) in base 8?
26
-1b (base 12) to base 10
-23
Convert 5 (base 6) to base 11.
5
Convert 400 (base 5) to base 12.
84
Convert 3 (base 6) to base 12.
3
Convert -2 (base 12) to base 5.
-2
Convert 3 (base 10) to base 8.
3
What is 9e (base 15) in base 8?
225
Convert 2 (base 4) to base 13.
2
-2301 (base 4) to base 2
-10110001
What is 212 (base 10) in base 14?
112
6 (base 15) to base 12
6
18 (base 12) to base 9
22
Convert -19 (base 11) to base 15.
-15
Convert -5 (base 11) to base 14.
-5
100 (base 6) to base 8
44
-2c (base 13) to base 16
-26
What is -1000001 (base 2) in base 10?
-65
Convert 3 (base 8) to base 16.
3
Convert -17 (base 16) to base 3.
-212
101 (base 5) to base 12
22
What is -1101 (base 2) in base 13?
-10
75 (base 8) to base 12
51
142 (base 9) to base 3
11102
-2 (base 3) to base 5
-2
-357 (base 8) to base 12
-17b
Convert -55 (base 7) to base 13.
-31
What is 2120 (base 3) in base 11?
63
-6 (base 16) to base 6
-10
2 (base 14) to base 4
2
What is 0 (base 9) in base 2?
0
Convert -1012 (base 3) to base 14.
-24
11001010 (base 2) to base 8
312
What is -201 (base 4) in base 15?
-23
What is -5 (base 7) in base 10?
-5
What is 2111 (base 3) in base 12?
57
What is -13 (base 4) in base 2?
-111
What is 10111 (base 2) in base 15?
18
What is 3 (base 14) in base 8?
3
What is 1 (base 5) in base 16?
1
3 (base 16) to base 3
10
What is 114 (base 14) in base 13?
136
Convert 32 (base 7) to base 5.
43
What is -41 (base 12) in base 16?
-31
100 (base 2) to base 11
4
What is 221 (base 3) in base 13?
1c
What is 1 (base 9) in base 10?
1
0 (base 10) to base 15
0
What is 1 (base 9) in base 3?
1
What is 15 (base 10) in base 11?
14
Convert -34 (base 9) to base 8.
-37
Convert -40 (base 6) to base 16.
-18
Convert 0 (base 12) to base 7.
0
What is 23 (base 16) in base 3?
1022
Convert 12 (base 10) to base 14.
c
Convert 1222 (base 3) to base 13.
41
-64 (base 7) to base 13
-37
What is 285 (base 11) in base 16?
14f
Convert 10 (base 3) to base 6.
3
What is -11 (base 5) in base 9?
-6
What is 3 (base 7) in base 13?
3
-20110 (base 3) to base 9
-213
What is 0 (base 5) in base 16?
0
Convert -12 (base 7) to base 11.
-9
What is 21 (base 10) in base 13?
18
Convert 130 (base 5) to base 9.
44
What is -15 (base 10) in base 6?
-23
What is 0 (base 8) in base 16?
0
-1 (base 9) to base 2
-1
1 (base 7) to base 2
1
Convert 2 (base 4) to base 10.
2
-20 (base 9) to base 6
-30
-29 (base 16) to base 9
-45
What is -7 (base 11) in base 4?
-13
-11022 (base 3) to base 10
-116
Convert 3 (base 12) to base 16.
3
What is 17 (base 14) in base 2?
10101
What is -10 (base 13) in base 4?
-31
What is 4 (base 12) in base 16?
4
Convert 16 (base 12) to base 9.
20
What is 9 (base 10) in base 15?
9
Convert 32 (base 7) to base 13.
1a
106 (base 7) to base 9
61
What is -2 (base 12) in base 7?
-2
Convert 8 (base 12) to base 5.
13
What is 6b (base 15) in base 3?
10202
What is -2e (base 16) in base 5?
-141
-4 (base 10) to base 14
-4
Convert 0 (base 2) to base 14.
0
-21 (base 16) to base 11
-30
-2 (base 12) to base 5
-2
-3 (base 8) to base 7
-3
What is 22 (base 7) in base 6?
24
Convert 6 (base 11) to base 5.
11
What is -11 (base 4) in base 16?
-5
13 (base 6) to base 2
1001
211 (base 3) to base 5
42
Convert 120 (base 3) to base 10.
15
Convert -10000 (base 3) to base 6.
-213
Convert 37 (base 12) to base 15.
2d
Convert 1 (base 6) to base 14.
1
What is 4 (base 5) in base 16?
4
What is -130 (base 9) in base 15?
-73
What is 13 (base 10) in base 5?
23
Convert 52 (base 9) to base 8.
57
What is bb (base 16) in base 15?
c7
Convert 3 (base 8) to base 14.
3
Convert -10 (base 5) to base 9.
-5
Convert -5 (base 14) to base 8.
-5
d (base 16) to base 7
16
What is 1201 (base 3) in base 12?
3a
10 (base 2) to base 16
2
-23 (base 5) to base 4
-31
Convert 1 (base 10) to base 2.
1
What is 0 (base 2) in base 11?
0
What is 2 (base 10) in base 5?
2
Convert -a6 (base 15) to base 6.
-420
Convert 12 (base 9) to base 16.
b
What is -4 (base 6) in base 15?
-4
-27 (base 16) to base 5
-124
What is -3 (base 14) in base 12?
-3
-30 (base 9) to base 5
-102
What is -10111011 (base 2) in base 5?
-1222
-21 (base 3) to base 7
-10
What is 9 (base 14) in base 5?
14
-10 (base 16) to base 7
-22
What is 10000 (base 2) in base 16?
10
What is 533 (base 8) in base 11?
296
49 (base 10) to base 5
144
What is 3 (base 10) in base 2?
11
What is 3 (base 14) in base 16?
3
9 (base 13) to base 5
14
What is -1000 (base 2) in base 12?
-8
-62 (base 11) to base 16
-44
What is 5 (base 6) in base 7?
5
Convert -6 (base 8) to base 9.
-6
24 (base 12) to base 4
130
What is 111 (base 2) in base 13?
7
Convert 28 (base 12) to base 5.
112
91 (base 11) to base 4
1210
2 (base 3) to base 11
2
-112 (base 3) to base 13
-11
40 (base 16) to base 6
144
What is -13 (base 5) in base 3?
-22
What is 10 (base 2) in base 6?
2
Convert -1101110 (base 2) to base 11.
-a0
-1 (base 6) to base 5
-1
-4 (base 10) to base 14
-4
Convert -6 (base 16) to base 5.
-11
Convert 0 (base 3) to base 7.
0
Convert 120 (base 14) to base 7.
440
12 (base 8) to base 16
a
74 (base 12) to base 5
323
2243 (base 5) to base 12
22b
-4 (base 10) to base 13
-4
Convert 0 (base 8) to base 15.
0
-b (base 13) to base 11
-10
-21 (base 13) to base 2
-11011
What is 11110101 (base 2) in base 7?
500
Convert 10 (base 3) to base 6.
3
Convert -128 (base 11) to base 6.
-411
244 (base 5) to base 4
1022
What is 2 (base 4) in base 16?
2
What is 30 (base 4) in base 10?
12
Convert 10 (base 4) to base 16.
4
Convert -39 (base 11) to base 6.
-110
What is -5 (base 13) in base 6?
-5
Convert -40 (base 16) to base 7.
-121
Convert -3 (base 13) to base 14.
-3
b (base 12) to base 2
1011
Convert -184 (base 10) to base 15.
-c4
What is -17 (base 10) in base 3?
-122
What is -3 (base 9) in base 8?
-3
-5 (base 9) to base 16
-5
What is 2 (base 6) in base 10?
2
31 (base 5) to base 14
12
2 (base 7) to base 6
2
What is 2 (base 4) in base 14?
2
Convert 0 (base 2) to base 12.
0
134 (base 10) to base 2
10000110
-78 (base 9) to base 12
-5b
What is -33 (base 9) in base 3?
-1010
What is -100 (base 3) in base 16?
-9
What is 33 (base 4) in base 13?
12
Convert 107 (base 10) to base 4.
1223
-18 (base 14) to base 8
-26
10223 (base 4) to base 10
299
What is 6 (base 7) in base 4?
12
Convert -3 (base 5) to base 16.
-3
Convert 204 (base 8) to base 3.
11220
-7 (base 16) to base 9
-7
23 (base 10) to base 15
18
170 (base 8) to base 2
1111000
-2 (base 16) to base 15
-2
Convert -56 (base 9) to base 6.
-123
-12 (base 5) to base 16
-7
What is 2 (base 16) in base 3?
2
-6 (base 8) to base 12
-6
-1 (base 16) to base 9
-1
What is -17 (base 10) in base 13?
-14
Convert 154 (base 15) to base 16.
130
-2 (base 11) to base 8
-2
What is 12 (base 15) in base 10?
17
What is 1 (base 14) in base 16?
1
What is 26 (base 11) in base 8?
34
0 (base 10) to base 8
0
Convert 6 (base 9) to base 13.
6
-2 (base 9) to base 14
-2
What is c (base 16) in base 13?
c
-11 (base 9) to base 10
-10
11 (base 12) to base 9
14
-30 (base 7) to base 9
-23
1 (base 5) to base 14
1
-44 (base 6) to base 16
-1c
-301 (base 4) to base 3
-1211
What is 5 (base 10) in base 13?
5
11 (base 8) to base 2
1001
14 (base 9) to base 6
21
What is -36 (base 14) in base 3?
-1210
What is 6 (base 7) in base 2?
110
8 (base 15) to base 10
8
What is -2 (base 3) in base 4?
-2
What is 1 (base 10) in base 11?
1
What is -1a (base 11) in base 8?
-25
Convert -110 (base 2) to base 6.
-10
What is 42 (base 9) in base 11?
35
2f (base 16) to base 13
38
What is -134 (base 8) in base 6?
-232
Convert 130 (base 10) to base